{"id":30,"date":"2021-11-05T16:27:22","date_gmt":"2021-11-05T15:27:22","guid":{"rendered":"https:\/\/stephaneaupetit-photographie.fr\/?page_id=30"},"modified":"2023-03-15T12:13:25","modified_gmt":"2023-03-15T11:13:25","slug":"contact-demande-de-renseignement-contactez","status":"publish","type":"page","link":"https:\/\/www.stephaneaupetit-photographie.fr\/index.php\/contact-demande-de-renseignement-contactez\/","title":{"rendered":"Demande de renseignement"},"content":{"rendered":"\n<p><span style=\"font-size: revert; color: initial;\">Pour toute demande de renseignement et parce que chaque projet est unique, venez m&rsquo;en parler et je me ferais un plaisir de vous r\u00e9pondre.<\/span><\/p>\n\n\n\n<p><a href=\"http:\/\/www.stephaneaupetit-photographie.fr\">St\u00e9phane Aupetit Photographie <\/a> <p><strong><span style=\"text-decoration: underline;\">Contact : <\/span><\/strong><\/p><a style=\"font-size: revert;\" href=\"mailto:stephaneprophoto@gmail.com\">stephaneprophoto@gmail.com<\/a><\/p>\n\n\n\n<p><strong style=\"background-color: rgba(0, 0, 0, 0); color: var(--wp--preset--color--black) ; font-size: revert;\">06 74 75 32 64<\/strong><\/p>\n\n\n\n<p><span style=\"font-size: revert; color: initial;\">*R\u00e9ponse sous 48H*<\/span> <\/p>\n\n\n\n<p><span style=\"font-size: revert; color: initial;\">Ou bien utilisez le formulaire ci-dessous.<\/span> <\/p>\n\n\n\n<div class=\"wp-block-contact-form-7-contact-form-selector\">\n<div class=\"wpcf7 no-js\" id=\"wpcf7-f421-o1\" lang=\"fr-FR\" dir=\"ltr\" data-wpcf7-id=\"421\">\n<div class=\"screen-reader-response\"><p role=\"status\" aria-live=\"polite\" aria-atomic=\"true\"><\/p> <ul><\/ul><\/div>\n<form action=\"\/index.php\/wp-json\/wp\/v2\/pages\/30#wpcf7-f421-o1\" method=\"post\" class=\"wpcf7-form init\" aria-label=\"Formulaire de contact\" novalidate=\"novalidate\" data-status=\"init\">\n<fieldset class=\"hidden-fields-container\"><input type=\"hidden\" name=\"_wpcf7\" value=\"421\" \/><input type=\"hidden\" name=\"_wpcf7_version\" value=\"6.1.5\" \/><input type=\"hidden\" name=\"_wpcf7_locale\" value=\"fr_FR\" \/><input type=\"hidden\" name=\"_wpcf7_unit_tag\" value=\"wpcf7-f421-o1\" \/><input type=\"hidden\" name=\"_wpcf7_container_post\" value=\"0\" \/><input type=\"hidden\" name=\"_wpcf7_posted_data_hash\" value=\"\" \/><input type=\"hidden\" name=\"_wpcf7_recaptcha_response\" value=\"\" \/>\n<\/fieldset>\n<p><label>Pr\u00e9nom<\/label><span class=\"wpcf7-form-control-wrap\" data-name=\"Prenom\"><input size=\"40\" maxlength=\"400\" class=\"wpcf7-form-control wpcf7-text wpcf7-validates-as-required\" aria-required=\"true\" aria-invalid=\"false\" value=\"\" type=\"text\" name=\"Prenom\" \/><\/span><br \/>\n<label>Nom<\/label><span class=\"wpcf7-form-control-wrap\" data-name=\"Nom\"><input size=\"40\" maxlength=\"400\" class=\"wpcf7-form-control wpcf7-text wpcf7-validates-as-required\" aria-required=\"true\" aria-invalid=\"false\" value=\"\" type=\"text\" name=\"Nom\" \/><\/span><br \/>\n<label>Telephone<\/label><span class=\"wpcf7-form-control-wrap\" data-name=\"Telephone\"><input size=\"40\" maxlength=\"400\" class=\"wpcf7-form-control wpcf7-tel wpcf7-validates-as-required wpcf7-text wpcf7-validates-as-tel\" aria-required=\"true\" aria-invalid=\"false\" value=\"\" type=\"tel\" name=\"Telephone\" \/><\/span><br \/>\n<label>Email<\/label><span class=\"wpcf7-form-control-wrap\" data-name=\"Email\"><input size=\"40\" maxlength=\"400\" class=\"wpcf7-form-control wpcf7-email wpcf7-validates-as-required wpcf7-text wpcf7-validates-as-email\" aria-required=\"true\" aria-invalid=\"false\" value=\"\" type=\"email\" name=\"Email\" \/><\/span><br \/>\n<label>Type de prestation<\/label><span class=\"wpcf7-form-control-wrap\" data-name=\"menu-506\"><select class=\"wpcf7-form-control wpcf7-select wpcf7-validates-as-required\" aria-required=\"true\" aria-invalid=\"false\" name=\"menu-506\"><option value=\"\">&#8212;Veuillez choisir une option&#8212;<\/option><option value=\"Portrait\">Portrait<\/option><option value=\"Reportage pour votre entreprise\">Reportage pour votre entreprise<\/option><option value=\"Reportage Famille\">Reportage Famille<\/option><option value=\"Immobilier\">Immobilier<\/option><option value=\"Mariage\">Mariage<\/option><\/select><\/span><br \/>\n<label>Expliquez-moi votre projet<\/label><span class=\"wpcf7-form-control-wrap\" data-name=\"Projet\"><textarea cols=\"40\" rows=\"10\" maxlength=\"2000\" class=\"wpcf7-form-control wpcf7-textarea wpcf7-validates-as-required\" aria-required=\"true\" aria-invalid=\"false\" name=\"Projet\"><\/textarea><\/span>\n<\/p>\n<p><label>Prochaine etape<\/label>\n<\/p>\n<p><span class=\"wpcf7-form-control-wrap\" data-name=\"Prochaine-etape\"><span class=\"wpcf7-form-control wpcf7-radio\"><span class=\"wpcf7-list-item first\"><label><input type=\"radio\" name=\"Prochaine-etape\" value=\"Je souhaite \u00eatre rappeler pour discuter de mon projet\" checked=\"checked\" \/><span class=\"wpcf7-list-item-label\">Je souhaite \u00eatre rappeler pour discuter de mon projet<\/span><\/label><\/span><span class=\"wpcf7-list-item last\"><label><input type=\"radio\" name=\"Prochaine-etape\" value=\"Je souhaite recevoir une rapide  estimation du prix par Email\" \/><span class=\"wpcf7-list-item-label\">Je souhaite recevoir une rapide  estimation du prix par Email<\/span><\/label><\/span><\/span><\/span>\n<\/p>\n<p><input class=\"wpcf7-form-control wpcf7-submit has-spinner\" type=\"submit\" value=\"Envoyer votre demande\" \/>\n<\/p><p style=\"display: none !important;\" class=\"akismet-fields-container\" data-prefix=\"_wpcf7_ak_\"><label>&#916;<textarea name=\"_wpcf7_ak_hp_textarea\" cols=\"45\" rows=\"8\" maxlength=\"100\"><\/textarea><\/label><input type=\"hidden\" id=\"ak_js_1\" name=\"_wpcf7_ak_js\" value=\"21\"\/><script>document.getElementById( \"ak_js_1\" ).setAttribute( \"value\", ( new Date() ).getTime() );<\/script><\/p><div class=\"wpcf7-response-output\" aria-hidden=\"true\"><\/div>\n<\/form>\n<\/div>\n<\/div>\n","protected":false},"excerpt":{"rendered":"<p>Pour toute demande de renseignement et parce que chaque projet est unique, venez m&rsquo;en parler et je me ferais un plaisir de vous r\u00e9pondre. St\u00e9phane &hellip; <\/p>\n","protected":false},"author":1,"featured_media":0,"parent":0,"menu_order":0,"comment_status":"closed","ping_status":"closed","template":"","meta":{"ngg_post_thumbnail":0,"footnotes":""},"class_list":["post-30","page","type-page","status-publish","hentry"],"yoast_head":"<!-- This site is optimized with the Yoast SEO plugin v27.4 - https:\/\/yoast.com\/product\/yoast-seo-wordpress\/ -->\n<title>Demande de renseignement<\/title>\n<meta name=\"description\" content=\"Contact-Demande de renseignement-Photographe Bordeaux- Portrait-Entreprises-Ev\u00e8nementiel-Immobilier-Formulaire\" \/>\n<meta name=\"robots\" content=\"index, follow, max-snippet:-1, max-image-preview:large, max-video-preview:-1\" \/>\n<link rel=\"canonical\" href=\"https:\/\/www.stephaneaupetit-photographie.fr\/index.php\/contact-demande-de-renseignement-contactez\/\" \/>\n<meta property=\"og:locale\" content=\"fr_FR\" \/>\n<meta property=\"og:type\" content=\"article\" \/>\n<meta property=\"og:title\" content=\"Demande de renseignement\" \/>\n<meta property=\"og:description\" content=\"Contact-Demande de renseignement-Photographe Bordeaux- Portrait-Entreprises-Ev\u00e8nementiel-Immobilier-Formulaire\" \/>\n<meta property=\"og:url\" content=\"https:\/\/www.stephaneaupetit-photographie.fr\/index.php\/contact-demande-de-renseignement-contactez\/\" \/>\n<meta property=\"og:site_name\" content=\"St\u00e9phane Aupetit Photographie\" \/>\n<meta property=\"article:modified_time\" content=\"2023-03-15T11:13:25+00:00\" \/>\n<meta name=\"twitter:card\" content=\"summary_large_image\" \/>\n<meta name=\"twitter:label1\" content=\"Dur\u00e9e de lecture estim\u00e9e\" \/>\n\t<meta name=\"twitter:data1\" content=\"1 minute\" \/>\n<script type=\"application\/ld+json\" class=\"yoast-schema-graph\">{\"@context\":\"https:\\\/\\\/schema.org\",\"@graph\":[{\"@type\":\"WebPage\",\"@id\":\"https:\\\/\\\/www.stephaneaupetit-photographie.fr\\\/index.php\\\/contact-demande-de-renseignement-contactez\\\/\",\"url\":\"https:\\\/\\\/www.stephaneaupetit-photographie.fr\\\/index.php\\\/contact-demande-de-renseignement-contactez\\\/\",\"name\":\"Demande de renseignement\",\"isPartOf\":{\"@id\":\"https:\\\/\\\/www.stephaneaupetit-photographie.fr\\\/#website\"},\"datePublished\":\"2021-11-05T15:27:22+00:00\",\"dateModified\":\"2023-03-15T11:13:25+00:00\",\"description\":\"Contact-Demande de renseignement-Photographe Bordeaux- Portrait-Entreprises-Ev\u00e8nementiel-Immobilier-Formulaire\",\"breadcrumb\":{\"@id\":\"https:\\\/\\\/www.stephaneaupetit-photographie.fr\\\/index.php\\\/contact-demande-de-renseignement-contactez\\\/#breadcrumb\"},\"inLanguage\":\"fr-FR\",\"potentialAction\":[{\"@type\":\"ReadAction\",\"target\":[\"https:\\\/\\\/www.stephaneaupetit-photographie.fr\\\/index.php\\\/contact-demande-de-renseignement-contactez\\\/\"]}]},{\"@type\":\"BreadcrumbList\",\"@id\":\"https:\\\/\\\/www.stephaneaupetit-photographie.fr\\\/index.php\\\/contact-demande-de-renseignement-contactez\\\/#breadcrumb\",\"itemListElement\":[{\"@type\":\"ListItem\",\"position\":1,\"name\":\"Accueil\",\"item\":\"https:\\\/\\\/www.stephaneaupetit-photographie.fr\\\/\"},{\"@type\":\"ListItem\",\"position\":2,\"name\":\"Demande de renseignement\"}]},{\"@type\":\"WebSite\",\"@id\":\"https:\\\/\\\/www.stephaneaupetit-photographie.fr\\\/#website\",\"url\":\"https:\\\/\\\/www.stephaneaupetit-photographie.fr\\\/\",\"name\":\"St\u00e9phane Aupetit Photographie\",\"description\":\" Ev\u00e8nementiel-Immobilier-Reportage d&#039;entreprise-Culinaire\",\"publisher\":{\"@id\":\"https:\\\/\\\/www.stephaneaupetit-photographie.fr\\\/#\\\/schema\\\/person\\\/0c51eeb83928460b54fcfb62d8940ae8\"},\"potentialAction\":[{\"@type\":\"SearchAction\",\"target\":{\"@type\":\"EntryPoint\",\"urlTemplate\":\"https:\\\/\\\/www.stephaneaupetit-photographie.fr\\\/?s={search_term_string}\"},\"query-input\":{\"@type\":\"PropertyValueSpecification\",\"valueRequired\":true,\"valueName\":\"search_term_string\"}}],\"inLanguage\":\"fr-FR\"},{\"@type\":[\"Person\",\"Organization\"],\"@id\":\"https:\\\/\\\/www.stephaneaupetit-photographie.fr\\\/#\\\/schema\\\/person\\\/0c51eeb83928460b54fcfb62d8940ae8\",\"name\":\"St\u00e9phane Aupetit\",\"image\":{\"@type\":\"ImageObject\",\"inLanguage\":\"fr-FR\",\"@id\":\"https:\\\/\\\/i0.wp.com\\\/www.stephaneaupetit-photographie.fr\\\/wp-content\\\/uploads\\\/2023\\\/03\\\/LOGO-Photographie-1.jpg?fit=2362%2C2362&ssl=1\",\"url\":\"https:\\\/\\\/i0.wp.com\\\/www.stephaneaupetit-photographie.fr\\\/wp-content\\\/uploads\\\/2023\\\/03\\\/LOGO-Photographie-1.jpg?fit=2362%2C2362&ssl=1\",\"contentUrl\":\"https:\\\/\\\/i0.wp.com\\\/www.stephaneaupetit-photographie.fr\\\/wp-content\\\/uploads\\\/2023\\\/03\\\/LOGO-Photographie-1.jpg?fit=2362%2C2362&ssl=1\",\"width\":2362,\"height\":2362,\"caption\":\"St\u00e9phane Aupetit\"},\"logo\":{\"@id\":\"https:\\\/\\\/i0.wp.com\\\/www.stephaneaupetit-photographie.fr\\\/wp-content\\\/uploads\\\/2023\\\/03\\\/LOGO-Photographie-1.jpg?fit=2362%2C2362&ssl=1\"},\"sameAs\":[\"http:\\\/\\\/stephaneaupetit-photographie.fr\"]}]}<\/script>\n<!-- \/ Yoast SEO plugin. -->","yoast_head_json":{"title":"Demande de renseignement","description":"Contact-Demande de renseignement-Photographe Bordeaux- Portrait-Entreprises-Ev\u00e8nementiel-Immobilier-Formulaire","robots":{"index":"index","follow":"follow","max-snippet":"max-snippet:-1","max-image-preview":"max-image-preview:large","max-video-preview":"max-video-preview:-1"},"canonical":"https:\/\/www.stephaneaupetit-photographie.fr\/index.php\/contact-demande-de-renseignement-contactez\/","og_locale":"fr_FR","og_type":"article","og_title":"Demande de renseignement","og_description":"Contact-Demande de renseignement-Photographe Bordeaux- Portrait-Entreprises-Ev\u00e8nementiel-Immobilier-Formulaire","og_url":"https:\/\/www.stephaneaupetit-photographie.fr\/index.php\/contact-demande-de-renseignement-contactez\/","og_site_name":"St\u00e9phane Aupetit Photographie","article_modified_time":"2023-03-15T11:13:25+00:00","twitter_card":"summary_large_image","twitter_misc":{"Dur\u00e9e de lecture estim\u00e9e":"1 minute"},"schema":{"@context":"https:\/\/schema.org","@graph":[{"@type":"WebPage","@id":"https:\/\/www.stephaneaupetit-photographie.fr\/index.php\/contact-demande-de-renseignement-contactez\/","url":"https:\/\/www.stephaneaupetit-photographie.fr\/index.php\/contact-demande-de-renseignement-contactez\/","name":"Demande de renseignement","isPartOf":{"@id":"https:\/\/www.stephaneaupetit-photographie.fr\/#website"},"datePublished":"2021-11-05T15:27:22+00:00","dateModified":"2023-03-15T11:13:25+00:00","description":"Contact-Demande de renseignement-Photographe Bordeaux- Portrait-Entreprises-Ev\u00e8nementiel-Immobilier-Formulaire","breadcrumb":{"@id":"https:\/\/www.stephaneaupetit-photographie.fr\/index.php\/contact-demande-de-renseignement-contactez\/#breadcrumb"},"inLanguage":"fr-FR","potentialAction":[{"@type":"ReadAction","target":["https:\/\/www.stephaneaupetit-photographie.fr\/index.php\/contact-demande-de-renseignement-contactez\/"]}]},{"@type":"BreadcrumbList","@id":"https:\/\/www.stephaneaupetit-photographie.fr\/index.php\/contact-demande-de-renseignement-contactez\/#breadcrumb","itemListElement":[{"@type":"ListItem","position":1,"name":"Accueil","item":"https:\/\/www.stephaneaupetit-photographie.fr\/"},{"@type":"ListItem","position":2,"name":"Demande de renseignement"}]},{"@type":"WebSite","@id":"https:\/\/www.stephaneaupetit-photographie.fr\/#website","url":"https:\/\/www.stephaneaupetit-photographie.fr\/","name":"St\u00e9phane Aupetit Photographie","description":" Ev\u00e8nementiel-Immobilier-Reportage d&#039;entreprise-Culinaire","publisher":{"@id":"https:\/\/www.stephaneaupetit-photographie.fr\/#\/schema\/person\/0c51eeb83928460b54fcfb62d8940ae8"},"potentialAction":[{"@type":"SearchAction","target":{"@type":"EntryPoint","urlTemplate":"https:\/\/www.stephaneaupetit-photographie.fr\/?s={search_term_string}"},"query-input":{"@type":"PropertyValueSpecification","valueRequired":true,"valueName":"search_term_string"}}],"inLanguage":"fr-FR"},{"@type":["Person","Organization"],"@id":"https:\/\/www.stephaneaupetit-photographie.fr\/#\/schema\/person\/0c51eeb83928460b54fcfb62d8940ae8","name":"St\u00e9phane Aupetit","image":{"@type":"ImageObject","inLanguage":"fr-FR","@id":"https:\/\/i0.wp.com\/www.stephaneaupetit-photographie.fr\/wp-content\/uploads\/2023\/03\/LOGO-Photographie-1.jpg?fit=2362%2C2362&ssl=1","url":"https:\/\/i0.wp.com\/www.stephaneaupetit-photographie.fr\/wp-content\/uploads\/2023\/03\/LOGO-Photographie-1.jpg?fit=2362%2C2362&ssl=1","contentUrl":"https:\/\/i0.wp.com\/www.stephaneaupetit-photographie.fr\/wp-content\/uploads\/2023\/03\/LOGO-Photographie-1.jpg?fit=2362%2C2362&ssl=1","width":2362,"height":2362,"caption":"St\u00e9phane Aupetit"},"logo":{"@id":"https:\/\/i0.wp.com\/www.stephaneaupetit-photographie.fr\/wp-content\/uploads\/2023\/03\/LOGO-Photographie-1.jpg?fit=2362%2C2362&ssl=1"},"sameAs":["http:\/\/stephaneaupetit-photographie.fr"]}]}},"jetpack-related-posts":[{"id":3,"url":"https:\/\/www.stephaneaupetit-photographie.fr\/index.php\/politique-de-confidentialite\/","url_meta":{"origin":30,"position":0},"title":"Politique de confidentialit\u00e9","author":"St\u00e9phane Aupetit","date":"4 novembre 2021","format":false,"excerpt":"Qui sommes-nous\u00a0? L\u2019adresse de notre site Web est\u00a0: www.stephaneaupetit-photographie.fr. Utilisation des donn\u00e9es personnelles collect\u00e9es Commentaires Quand vous laissez un commentaire sur notre site web, les donn\u00e9es inscrites dans le formulaire de commentaire, mais aussi votre adresse IP et l\u2019agent utilisateur de votre navigateur sont collect\u00e9s pour nous aider \u00e0 la\u2026","rel":"","context":"Article similaire","block_context":{"text":"Article similaire","link":""},"img":{"alt_text":"stephane-aupetit-photographe-Bordeaux","src":"https:\/\/i0.wp.com\/www.stephaneaupetit-photographie.fr\/wp-content\/uploads\/2023\/03\/LOGO-Photographie-1.jpg?resize=350%2C200&ssl=1","width":350,"height":200,"srcset":"https:\/\/i0.wp.com\/www.stephaneaupetit-photographie.fr\/wp-content\/uploads\/2023\/03\/LOGO-Photographie-1.jpg?resize=350%2C200&ssl=1 1x, https:\/\/i0.wp.com\/www.stephaneaupetit-photographie.fr\/wp-content\/uploads\/2023\/03\/LOGO-Photographie-1.jpg?resize=525%2C300&ssl=1 1.5x, https:\/\/i0.wp.com\/www.stephaneaupetit-photographie.fr\/wp-content\/uploads\/2023\/03\/LOGO-Photographie-1.jpg?resize=700%2C400&ssl=1 2x, https:\/\/i0.wp.com\/www.stephaneaupetit-photographie.fr\/wp-content\/uploads\/2023\/03\/LOGO-Photographie-1.jpg?resize=1050%2C600&ssl=1 3x, https:\/\/i0.wp.com\/www.stephaneaupetit-photographie.fr\/wp-content\/uploads\/2023\/03\/LOGO-Photographie-1.jpg?resize=1400%2C800&ssl=1 4x"},"classes":[]},{"id":105,"url":"https:\/\/www.stephaneaupetit-photographie.fr\/index.php\/mentions-legales\/","url_meta":{"origin":30,"position":1},"title":"Mentions L\u00e9gales","author":"St\u00e9phane Aupetit","date":"11 f\u00e9vrier 2022","format":false,"excerpt":"Article 1 : Informations l\u00e9gales En vertu de l article 6 de la loi n\u00b0 2004 -575 du 21 juin 2004 pour la confiance dans l\u2019\u00e9conomie num\u00e9rique, il est pr\u00e9cis\u00e9 dans ces Mentions L\u00e9gales les diff\u00e9rents intervenants dans le cadre de sa r\u00e9alisation et de son suivi. Le site www.stephaneaupetit-photographie\u00a0\u2026","rel":"","context":"Article similaire","block_context":{"text":"Article similaire","link":""},"img":{"alt_text":"","src":"","width":0,"height":0},"classes":[]}],"jetpack_sharing_enabled":true,"_links":{"self":[{"href":"https:\/\/www.stephaneaupetit-photographie.fr\/index.php\/wp-json\/wp\/v2\/pages\/30","targetHints":{"allow":["GET"]}}],"collection":[{"href":"https:\/\/www.stephaneaupetit-photographie.fr\/index.php\/wp-json\/wp\/v2\/pages"}],"about":[{"href":"https:\/\/www.stephaneaupetit-photographie.fr\/index.php\/wp-json\/wp\/v2\/types\/page"}],"author":[{"embeddable":true,"href":"https:\/\/www.stephaneaupetit-photographie.fr\/index.php\/wp-json\/wp\/v2\/users\/1"}],"replies":[{"embeddable":true,"href":"https:\/\/www.stephaneaupetit-photographie.fr\/index.php\/wp-json\/wp\/v2\/comments?post=30"}],"version-history":[{"count":12,"href":"https:\/\/www.stephaneaupetit-photographie.fr\/index.php\/wp-json\/wp\/v2\/pages\/30\/revisions"}],"predecessor-version":[{"id":427,"href":"https:\/\/www.stephaneaupetit-photographie.fr\/index.php\/wp-json\/wp\/v2\/pages\/30\/revisions\/427"}],"wp:attachment":[{"href":"https:\/\/www.stephaneaupetit-photographie.fr\/index.php\/wp-json\/wp\/v2\/media?parent=30"}],"curies":[{"name":"wp","href":"https:\/\/api.w.org\/{rel}","templated":true}]}}